
-9
Let k(x) = -x**2 - 24*x + 596. Let q be k(-39). Let h(t) = t**2 - 6*t - 50. What is h(q)?
5
Let j(z) = -z + 5. Let v(g) = -4*g - 48. Let a be v(-12). Determine j(a).
5
Suppose -9*z = 177 - 141. Let k(s) = s**2 + 4*s - 3. Determine k(z).
-3
Let q(m) = 13*m - 19. Let l(i) = 3*i - 5. Let h(g) = 9*l(g) - 2*q(g). Determine h(4).
-3
Let v(k) be the second derivative of k**4/12 - k**3/2 - 3*k**2 - 5*k + 8. Let a be 14/2 - 2/2. Calculate v(a).
12
Let w(g) be the second derivative of -g**5/15 - 5*g**3/3 - 23*g. Let b(a) be the second derivative of w(a). Determine b(-3).
24
Let v(r) = -r**2 - 332 - r - 2*r**2 + 328 + 5*r**2. Let m = -1 - -4. Give v(m).
11
Let r(b) be the third derivative of b**5/60 + b**4/6 - 3*b**3/2 - 6*b**2 - 5*b. Give r(-6).
3
Suppose -74 = -3*t - q, 150 = -0*t + 5*t - 5*q. Suppose 0 = -3*a - 5*b - t, -a + 2*b + 18 = -3*b. Let d(w) = w**2 - w. Calculate d(a).
6
Let m(o) = -o**3 - 12*o**2 + 15*o + 27. Let x be (-50)/(-25)*39/(-6). Give m(x).
1
Let i = 16 - 11. Let w(m) = -4*m**3 - m**2 - 5*m - 1. Let o(b) = -b**3 - b**2 - b - 1. Let d(u) = i*o(u) - w(u). Suppose -11 + 31 = -5*t. What is d(t)?
-4
Let f(p) = 7*p - 30. Suppose -4*t = -4*c - 28, -19*c + 24*c - 1 = -4*t. What is f(t)?
-2
Let a(p) = 16*p + 63. Let v(t) = t + 14. Let o(l) = -a(l) + 5*v(l). Give o(-4).
51
Let y(r) = r**2 + 6*r + 4. Let z be y(-6). Let d(s) be the second derivative of 1/3*s**3 - 3*s + 1/2*s**2 - 7 - 1/12*s**4. Determine d(z).
-7
Suppose 7*f + f = -32. Let u be -5*((-16)/5 - f). Let s(m) = -m - 3. What is s(u)?
1
Suppose 3 + 5 = 2*n. Suppose 2 = -2*b, -4*w + b = -n*b - 21. Let y(f) = 3*f - 4*f**2 + 3*f - f**3 + 2 + 0*f + w. Calculate y(-5).
1
Suppose 0 = 3*c - 2 - 10. Let t = 11 - -1. Let v(m) = 3 + 2*m - m**2 - 10 + t + 0. What is v(c)?
-3
Let o(s) = -5*s - 4. Let h(g) = -g**2 + 7*g + 41. Let i be h(-4). Determine o(i).
11
Let j(f) = -f**3 + 8*f**2 - 6*f - 4. Suppose -3 - 67 = 5*r. Let x be (-94)/r - ((-308)/49 - -6). Give j(x).
3
Let m(v) = -4*v - 4. Let y(w) = w. Let g(n) = m(n) + 5*y(n). Suppose 4*b = 7*b - 18. Let d = 0 + b. What is g(d)?
2
Suppose -w - 2 = 5*o + 51, -4*o - w = 42. Let c = o + 20. Suppose -x + 2*s = c, -3*s - 2*s + 15 = -x. Let m(y) = y - 2. Calculate m(x).
-7
Let f(s) = -2*s**2 + s - 1. Let y = 103 + -105. Calculate f(y).
-11
Suppose -3*n = -35 + 11. Let o(f) = 14*f - 6. Let s(l) = -9*l + 4. Let b(g) = n*s(g) + 5*o(g). Give b(-6).
14
Let z(g) = g + 3 + 0*g + 6. Let x(a) = -2*a - 17. Let o(t) = 3*x(t) + 5*z(t). Let k = 352 - 358. Calculate o(k).
0
Let c(v) be the first derivative of -3*v**4/4 + 2*v**3/3 - 7*v**2 + 8*v + 35. Let r(k) = -k**3 + k**2 - 5*k + 3. Let d(f) = -6*c(f) + 17*r(f). What is d(-5)?
8
Let k = 712 + -705. Let q(u) = -u**3 + 6*u**2 + 5*u - 5. What is q(k)?
-19
Let y be (-2 - -2)/1 - -4. Suppose -r + 3*v = -9, 2*r = y*r + 5*v - 40. Suppose 0 = 5*x - 0*x + r. Let l(c) = 3*c + 3. Give l(x).
-6
Let d(x) = -62*x - 89*x + 51 + 144*x. What is d(6)?
9
Let y(v) = -v**3 + 12*v**2 - 9*v - 15. Suppose -3*s + 30 + 3 = 3*n, 0 = n. What is y(s)?
7
Let p(w) be the second derivative of 7*w - 1/12*w**4 - 1/6*w**3 + 0 + 3/2*w**2. Determine p(3).
-9
Let s(r) = -r**2 - 79*r + r**3 + 79*r + 2. Let b be s(2). Let z(n) = n**2 - 6*n - 2. Determine z(b).
-2
Let g(k) be the first derivative of -k**4/4 - k**3 + 2*k**2 + k - 7. Let m be g(-4). Let c be 1 + m/((-1)/2). Let n(r) = -6*r**3 + r**2 - 1. Give n(c).
6
Let k(c) = 3*c**2 - 1. Suppose 0 = -4*s + d + 2*d + 24, -3*s = -4*d - 25. Let y = 5 - s. Calculate k(y).
11
Let c(p) = -p**2. Let r(y) = 5*y**3 - y**2 + y. Let w be r(1). Let j(i) = -6*i**2 + 3*i. Let q(u) = w*c(u) - j(u). Let x = 18 - 14. Determine q(x).
4
Let w(o) = -18*o**3 + o. Let y be 5*6/(-4 - 26). Determine w(y).
17
Let s(p) be the third derivative of -p**4/24 - p**3/6 - 4*p**2. Let y(m) = 2*m**2 + 35*m + 18. Let w be y(-17). Give s(w).
-2
Let h(l) = 2*l + l**2 - 6*l - 9 - 3*l + 22. Let o be h(4). Let r = -4 - o. Let t(f) = f + 5. Determine t(r).
0
Let u be (-3 - -2) + -2 + 4. Suppose -6*z + 8*z = 8. Let j(v) = 2*v + z - 2*v**2 - 3*v**2 - 1 - 4. Determine j(u).
-4
Let s(x) = -2*x - 1. Suppose -11*k = -4*k - 238. Suppose -z + 5*t - 1 = 0, 0 = 5*z - 2*t + k - 6. Calculate s(z).
11
Let z(a) = a. Let n(k) = k**2 - 15*k + 12. Let x(j) = n(j) + 3*z(j). Let t be (168/(-17))/(-1) + 12/102. What is x(t)?
-8
Let g(y) = -2 + 0*y + 3 + y. Let r(w) = 5*w + 6. Let c be (2/(-8) - -3)/(7/(-28)). Let f(m) = c*g(m) + 2*r(m). Calculate f(-2).
3
Let p(i) be the second derivative of 2*i**3/3 + 4*i. Let t(k) = -k**3 - k**2 + 2*k - 1. Let z be t(1). Let c be -1 - (1 - z - 1). What is p(c)?
-8
Let k = 8 + -6. Let m(j) = -2*j - 5 - j**2 + 4 + k*j**2. Let d = -1623 - -1621. What is m(d)?
7
Let p(a) be the third derivative of a**5/60 - 5*a**4/24 - 39*a**2. Determine p(4).
-4
Suppose -f = 2*u - 19, -f - 3*f - 8 = u. Let v be (u/9)/((-12)/(-54)). Let w(l) = l**3 - 6*l**2 + 2*l - 6. What is w(v)?
6
Let x = -2 - -7. Let d(k) be the first derivative of -1/4*k**4 + 2*k**2 + 4/3*k**3 + 3*k + 2. Give d(x).
-2
Let n(d) = -d - 3. Let k(z) = -z + 1. Let w(m) = -2*k(m) + n(m). Suppose 3*q = y + 27 + 7, -4*q + 54 = 3*y. Suppose -2 = 2*o - q. Give w(o).
0
Let p(c) = 5*c - 4. Let f(l) = -6*l + 5. Let w(o) = -4*f(o) - 5*p(o). Suppose 8*y = 12*y - 8. Suppose -2*h - 6 = -y. Calculate w(h).
2
Suppose m - 6 = -m. Let q be (m - (1 + 2)) + 3. Suppose 4 - 3 = 5*u - q*l, -5*l + 13 = -u. Let x(g) = -2*g**2 + 2*g - 3. Give x(u).
-7
Let d(b) be the first derivative of 1 - 1/2*b**2 - 4*b. Let a(u) = u**2 - 11. Let y be a(-3). Calculate d(y).
-2
Let y(n) be the first derivative of n**4/4 - 3*n**3 - 4*n**2 - 3*n - 223. Calculate y(10).
17
Let y(b) = -11*b**3 - 11*b**2 + 11*b + 12. Let x(n) = -9*n**3 - 10*n**2 + 10*n + 11. Let i(c) = 5*x(c) - 4*y(c). What is i(-6)?
-29
Let h be (-148)/28 + (-2)/(-7). Let u(j) = -7*j + 37. Let n be u(7). Let s be (n/(-15))/(1/h). Let c(z) = z**3 + 5*z**2 + 4*z - 5. Calculate c(s).
-5
Let s(w) be the first derivative of w**2/2 - 14*w + 425. What is s(-6)?
-20
Let p(s) = -s**3 - 6*s**2 - 7*s - 7. Let t(u) = -u**3 - 8*u**2 - 12*u - 15. Let v be t(-7). Suppose 0 = f + f + 3*a + 10, -a = 4*f + v. What is p(f)?
3
Let h(l) = l**3 - 7*l**2 + l + 3. Let q(j) = -2*j**3 + 15*j**2 - 2*j - 6. Let a = -145 + 140. Let o(f) = a*h(f) - 2*q(f). Determine o(5).
-8
Let o(t) = -t**2. Let p(l) = l**2 - 4*l - 1. Let i(v) = -3*o(v) - p(v). Determine i(-2).
1
Let w(d) = 2*d**2 + 17*d - 22. Let y = 24 + -27. Let c(o) = -o**2 - 8*o + 12. Let n(g) = y*w(g) - 5*c(g). Determine n(-11).
6
Let b(n) = -5*n**2 + 20*n - 7. Let t(j) = 14*j**2 - 56*j + 20. Let k(r) = -11*b(r) - 4*t(r). Suppose 6 = 5*x - 9. Give k(x).
0
Suppose 8 = -3*n - 4*z, -3*z = -3*n + 3*z - 48. Let y(t) = t**2 + 10*t + 3. Calculate y(n).
-13
Let n(d) = -d**2 + 4*d + 4. Suppose 3*i - 4*s = 300, -2*s = -s + 3. Let r = i - 93. Calculate n(r).
7
Let r(o) = -o**3 + 8*o - 5*o**2 - 3*o - 10540 + 10539. What is r(-6)?
5
Let g be (-159)/(-53) + (245/(-12))/7. Let h(y) be the second derivative of -g*y**4 + 9*y - 1/6*y**3 - y**2 + 0. What is h(2)?
-8
Let w = 86 - 96. Let k = w - -11. Let i(d) = -2*d**3 - d**2 + 1. What is i(k)?
-2
Let p(d) = 8*d - 3 + d**2 + d + 2. Let z be p(-9). Let b(i) = 8*i**2. What is b(z)?
8
Suppose -3*v - 3 = -3*f, -3*v - 2*f + 12 = -0*f. Let k(o) = -3*o**v + o**2 - 2*o + 0*o**2. Suppose -4*y = 4*g - 12, -5*g + 23 = 2*y - y. Give k(y).
-4
Let f(w) = 3*w + 1. Let m be 2 + (-4 + 2)/(-1). Let t be 122/14 - m/(-14). Let h = t + -12. Give f(h).
-8
Suppose 0 = -2*j + 2*d + 113 - 49, j + 4*d = 7. Let a(h) = -h**2 + 28*h - 26. Determine a(j).
1
Let n(g) = 6*g - 1378*g**2 + 5 + 693*g**2 + 688*g**2 - 2. Give n(-2).
3
Let z(k) = -k**2 + k. Let g be (0 + 0)/1*(-4)/(-4). Determine z(g).
0
Suppose -19*c + 20*c = -2*a + 1, 0 = -4*c - a - 17. Let s(j) = 2*j + 2. Let x(p) = p + 3. Let b(w) = 2*s(w) - 3*x(w). Give b(c).
-10
Let l(k) be the second derivative of k**8/6720 + k**7/504 - k**6/180 + k**5/120 - 35*k**4/12 - 26*k. Let t(v) be the third derivative of l(v). Calculate t(-6).
-11
Let b(y) = 12*y**2 + 10*y - 5. Let n(j) = 7*j**2 + 6*j - 3. Let h(o) = 3*b(o) - 5*n(o). Determine h(0).
0
Suppose 3*p - 33 = -27. Let v(u) = -2 - u - 4*u - p*u**2 + 8*u. Give v(2).
-4
Suppose -9 = -2*i - 3. Let s(r) be the first derivativ